{"id":6681,"date":"2021-10-28T09:48:54","date_gmt":"2021-10-28T09:48:54","guid":{"rendered":"https:\/\/hengowebsite.luong.fr\/?page_id=6681"},"modified":"2021-12-02T12:23:22","modified_gmt":"2021-12-02T12:23:22","slug":"cours-olivier-paul","status":"publish","type":"page","link":"https:\/\/hengowebsite.luong.fr\/?page_id=6681","title":{"rendered":"Cours Linux 2021"},"content":{"rendered":"<p style=\"text-align: center;\"><strong>COURS<\/strong><\/p>\n<p>_______________________________________________________________________<\/p>\n<p>&nbsp;<\/p>\n<p>Installation de DOCKER :&nbsp;<a href=\"https:\/\/www.server-world.info\/en\/note?os=CentOS_Stream_8&amp;p=docker&amp;f=1\" target=\"_blank\" rel=\"noopener\">Server-world<\/a><\/p>\n<p>&nbsp;<\/p>\n<p>&nbsp;<\/p>\n<p>Semaine du 25 au 31\/10\/2021<\/p>\n<p>1 &#8211; T\u00e9l\u00e9charger et Installer Oracle VM VirtualBox<\/p>\n<p>2- Cr\u00e9er une VM<\/p>\n<p>&nbsp;<\/p>\n<p>&nbsp;<\/p>\n<p>&nbsp;<\/p>\n<p>&nbsp;<\/p>\n<p>&nbsp;<\/p>\n","protected":false},"excerpt":{"rendered":"<p>COURS _______________________________________________________________________ &nbsp; Installation de DOCKER :&nbsp;Server-world &nbsp; &nbsp; Semaine du 25 au 31\/10\/2021 1 &#8211; T\u00e9l\u00e9charger et Installer Oracle VM VirtualBox 2- Cr\u00e9er une VM &nbsp; &nbsp; &nbsp; &nbsp; &nbsp;<\/p>\n","protected":false},"author":1,"featured_media":0,"parent":0,"menu_order":0,"comment_status":"closed","ping_status":"closed","template":"","meta":{"ngg_post_thumbnail":0},"_links":{"self":[{"href":"https:\/\/hengowebsite.luong.fr\/index.php?rest_route=\/wp\/v2\/pages\/6681"}],"collection":[{"href":"https:\/\/hengowebsite.luong.fr\/index.php?rest_route=\/wp\/v2\/pages"}],"about":[{"href":"https:\/\/hengowebsite.luong.fr\/index.php?rest_route=\/wp\/v2\/types\/page"}],"author":[{"embeddable":true,"href":"https:\/\/hengowebsite.luong.fr\/index.php?rest_route=\/wp\/v2\/users\/1"}],"replies":[{"embeddable":true,"href":"https:\/\/hengowebsite.luong.fr\/index.php?rest_route=%2Fwp%2Fv2%2Fcomments&post=6681"}],"version-history":[{"count":6,"href":"https:\/\/hengowebsite.luong.fr\/index.php?rest_route=\/wp\/v2\/pages\/6681\/revisions"}],"predecessor-version":[{"id":6700,"href":"https:\/\/hengowebsite.luong.fr\/index.php?rest_route=\/wp\/v2\/pages\/6681\/revisions\/6700"}],"wp:attachment":[{"href":"https:\/\/hengowebsite.luong.fr\/index.php?rest_route=%2Fwp%2Fv2%2Fmedia&parent=6681"}],"curies":[{"name":"wp","href":"https:\/\/api.w.org\/{rel}","templated":true}]}}